 to base 5
221
Convert 51868 (base 9) to base 14.
c6a0
What is 17187 (base 9) in base 11?
897a
Convert b28b (base 16) to base 4.
23022023
-2321 (base 11) to base 4
-233220
10122100 (base 4) to base 5
1034224
-453155 (base 6) to base 7
-216446
Convert 6354 (base 15) to base 9.
31727
3486 (base 13) to base 15
22bc
What is -267a (base 16) in base 3?
-111111211
What is 13a (base 13) in base 3?
22002
What is -2278 (base 12) in base 14?
-1580
What is -2563 (base 7) in base 2?
-1111010000
What is 3178 (base 13) in base 7?
25666
21120 (base 4) to base 7
1515
Convert -101134 (base 7) to base 16.
-4348
Convert -132c (base 13) to base 12.
-1706
-4a4 (base 12) to base 11
-587
1011000011101 (base 2) to base 12
3339
-276 (base 10) to base 13
-183
What is a601 (base 12) in base 7?
103621
Convert -104 (base 15) to base 11.
-199
What is -4403 (base 5) in base 11?
-4a9
14364 (base 9) to base 13
45b2
Convert -101144 (base 7) to base 3.
-212122012
-2ee (base 15) to base 3
-220222
Convert 151163 (base 7) to base 2.
111001001000001
Convert -378 (base 11) to base 14.
-240
What is 1848 (base 9) in base 14?
737
What is -14189 (base 10) in base 8?
-33555
What is -323202 (base 5) in base 3?
-120011100
Convert 312 (base 5) to base 16.
52
What is -4522 (base 6) in base 15?
-4a8
What is -308 (base 14) in base 3?
-211002
Convert 25 (base 6) to base 5.
32
What is 100002 (base 4) in base 13?
60c
Convert -b590 (base 13) to base 11.
-17975
-21212001 (base 3) to base 16
-165d
Convert -15 (base 10) to base 6.
-23
Convert -2752 (base 10) to base 4.
-223000
Convert 2a0 (base 11) to base 14.
1b2
Convert -110000000010 (base 2) to base 9.
-4185
What is -870 (base 10) in base 8?
-1546
Convert -159 (base 16) to base 9.
-423
Convert -718 (base 12) to base 14.
-536
What is -36710 (base 11) in base 8?
-147037
-526c (base 13) to base 12
-6731
Convert abb6 (base 12) to base 8.
45072
What is cbc (base 14) in base 7?
10225
Convert -520 (base 15) to base 8.
-2203
Convert -13430 (base 5) to base 14.
-599
What is -21001 (base 3) in base 14?
-d8
What is 370 (base 12) in base 13?
309
What is d84 (base 14) in base 15?
bc9
-318 (base 10) to base 9
-383
-1011011 (base 3) to base 9
-1134
What is 162b (base 15) in base 2?
1001010011110
What is -24867 (base 9) in base 5?
-1013442
551 (base 6) to base 2
11010011
c20 (base 16) to base 11
2372
Convert 118b (base 13) to base 14.
c93
Convert 7526 (base 14) to base 16.
4efe
What is -266 (base 13) in base 5?
-3142
-131a (base 16) to base 13
-22c2
What is 1323220 (base 4) in base 13?
37a8
What is -42350 (base 6) in base 16?
-167a
Convert -32a (base 15) to base 5.
-10330
What is 3254 (base 10) in base 2?
110010110110
-216 (base 12) to base 8
-462
-3112 (base 4) to base 11
-185
1311 (base 9) to base 4
33112
113213 (base 4) to base 11
1154
What is 1002401 (base 6) in base 13?
18664
What is 59741 (base 11) in base 16?
1503c
-990 (base 11) to base 5
-14223
-114204 (base 5) to base 2
-1000011010000
What is -111 (base 10) in base 14?
-7d
-372 (base 16) to base 10
-882
Convert -612 (base 8) to base 5.
-3034
What is -10001000101 (base 2) in base 9?
-1444
What is -11011000111 (base 2) in base 16?
-6c7
What is -35 (base 10) in base 8?
-43
-7b (base 15) to base 14
-84
-412 (base 7) to base 4
-3031
Convert -120003 (base 4) to base 9.
-2100
Convert -a20 (base 15) to base 16.
-8e8
Convert -133 (base 9) to base 6.
-303
143 (base 16) to base 9
388
Convert 8604 (base 10) to base 12.
4b90
Convert -31380 (base 11) to base 6.
-551333
22434 (base 7) to base 10
5709
Convert 13a79 (base 14) to base 4.
23321023
What is 136 (base 10) in base 8?
210
-1111 (base 5) to base 12
-110
-22201 (base 3) to base 2
-11101011
What is -680 (base 13) in base 2?
-10001011110
Convert -8eba (base 16) to base 2.
-1000111010111010
What is 2c15 (base 16) in base 11?
852a
8b3 (base 13) to base 2
10111011010
What is 6e10 (base 16) in base 11?
1a195
-6ea4 (base 16) to base 6
-335044
What is 15520 (base 6) in base 13?
1227
What is 700 (base 8) in base 13?
286
What is 301205 (base 6) in base 10?
23621
What is ff9 (base 16) in base 10?
4089
Convert 1266 (base 8) to base 13.
415
-c578 (base 14) to base 5
-2042024
What is 4401 (base 8) in base 5?
33210
What is 266 (base 12) in base 4?
11232
-479 (base 13) to base 2
-1100001000
What is -11c59 (base 15) in base 12?
-28a40
Convert -24265 (base 11) to base 6.
-425355
Convert -11222 (base 4) to base 7.
-1025
-4817 (base 11) to base 5
-200220
What is -101001111000 (base 2) in base 13?
-12b2
Convert -1235 (base 7) to base 8.
-723
Convert 185 (base 16) to base 5.
3024
-4201 (base 11) to base 14
-2059
Convert 3121 (base 6) to base 16.
2b9
Convert -42200 (base 5) to base 8.
-5360
What is 422 (base 12) in base 2?
1001011010
What is -a91 (base 12) in base 3?
-2010101
Convert 1210110020 (base 3) to base 8.
104772
1430 (base 13) to base 5
43122
Convert -50 (base 16) to base 5.
-310
Convert 3230 (base 6) to base 14.
3aa
644 (base 8) to base 13
264
Convert 514 (base 16) to base 4.
110110
Convert -a3c (base 15) to base 10.
-2307
What is -2b22 (base 13) in base 6?
-45025
-1559 (base 15) to base 16
-11e8
What is -11101011 (base 2) in base 9?
-281
-31647 (base 12) to base 8
-176527
What is 5846 (base 14) in base 4?
3233312
What is 16319 (base 13) in base 4?
22110200
21326 (base 8) to base 2
10001011010110
Convert -1766 (base 8) to base 3.
-1101120
What is -60e (base 15) in base 7?
-3656
b7 (base 15) to base 11
147
7732 (base 10) to base 2
1111000110100
What is 65264 (base 7) in base 2?
11111110001001
Convert -3221422 (base 5) to base 2.
-1101010101010100
Convert -2287 (base 10) to base 11.
-179a
What is 15c7 (base 13) in base 16?
c85
5036 (base 7) to base 6
12022
-228a (base 11) to base 6
-21522
Convert 2188 (base 9) to base 15.
72e
What is 109a (base 12) in base 14?
95c
Convert 52530 (base 7) to base 11.
980a
-10437 (base 8) to base 11
-3325
Convert -21061 (base 7) to base 2.
-1010001000100
Convert -633 (base 14) to base 12.
-859
What is 2211014 (base 5) in base 2?
1001010101110011
What is -928 (base 12) in base 8?
-2460
What is 6151 (base 13) in base 3?
200101221
What is -257 (base 8) in base 2?
-10101111
Convert 5663 (base 8) to base 7.
11506
What is -8b9c (base 13) in base 8?
-46154
Convert 210010110 (base 3) to base 5.
443102
Convert -27257 (base 8) to base 14.
-44d9
-33530 (base 6) to base 4
-1021332
-303323 (base 4) to base 9
-4502
5a6 (base 12) to base 15
3b6
-58758 (base 9) to base 7
-222311
1044 (base 5) to base 12
105
What is 6012 (base 12) in base 16?
288e
What is -204 (base 5) in base 8?
-66
42763 (base 8) to base 14
6751
Convert 213050 (base 6) to base 16.
4476
14462 (base 11) to base 9
31126
What is 455 (base 6) in base 2?
10110011
Convert -774e (base 15) to base 9.
-37602
Convert -3ac8 (base 13) to base 5.
-232240
What is -254 (base 12) in base 11?
-2a0
-1cab (base 13) to base 4
-1010032
11165 (base 10) to base 4
2232131
Convert 119 (base 14) to base 12.
163
Convert -2242 (base 6) to base 14.
-29c
Convert 3967 (base 12) to base 9.
8887
What is 37d1 (base 14) in base 12?
57b7
What is -444231 (base 5) in base 10?
-15566
What is -20131 (base 6) in base 3?
-10122001
What is 2043 (base 5) in base 7?
540
Convert -81026 (base 9) to base 14.
-1558d
What is -1532 (base 6) in base 13?
-260
Convert 10101101000 (base 2) to base 13.
826
Convert -dc1 (base 14) to base 7.
-10631
-22000002 (base 3) to base 7
-23003
Convert 1652 (base 9) to base 8.
2356
110011101 (base 2) to base 8
635
What is -1466 (base 14) in base 2?
-111000100010
-284 (base 15) to base 13
-352
Convert 255 (base 8) to base 14.
c5
Convert 242224 (base 7) to base 14.
12084
What is -e70 (base 15) in base 9?
-4416
1 (base 10) to base 3
1
Convert -17065 (base 8) to base 9.
-11542
-2200012002 (base 3) to base 15
-108d5
What is 122 (base 11) in base 12?
101
-8033 (base 11) to base 6
-121244
What is -2203 (base 8) in base 4?
-102003
Convert 4570 (base 8) to base 10.
2424
3156 (base 11) to base 5
113200
Convert -4217 (base 15) to base 14.
-5140
200000 (base 4) to base 11
15a2
-2921 (base 13) to base 10
-5942
Convert 375 (base 9) to base 14.
183
Convert -1011101 (base 2) to base 5.
-333
What is 3d1 (base 16) in base 14?
4db
-12011 (base 3) to base 4
-2023
e8 (base 15) to base 13
13a
6018 (base 9) to base 11
3332
Convert 